is the hundreds digit of m?
2
Let w = -45 - -66. What is the tens digit of w?
2
Let b = -57 - -91. What is the units digit of b?
4
Let u(t) = -t + 10. Let n be u(-8). Let d = n + -13. Suppose 0 = -f - 3*r + 1, 3*f = -d*r - 1 + 12. What is the units digit of f?
7
Let f = -2 + 11. Suppose -4*t - 7*s + 27 = -2*s, 4*t - s - f = 0. Suppose -t = x - 16. What is the tens digit of x?
1
Suppose 0 = -5*j - 23 - 27. Let p be 36/j - (-2)/(-5). What is the units digit of (-2)/p*6/3?
1
Let u be 2/(-9) - 3752/(-36). Suppose -5*w = -11 - u. What is the units digit of w?
3
Let h(i) = 2*i + 1. Let o be h(1). Let x be 4/(-14) - 52/14. What is the units digit of (x/(-2) - o)*-2?
2
Let k(j) = 4*j**2 - 31*j + 6. What is the units digit of k(9)?
1
Suppose -2*p + 3*f + 76 = 0, -3*p + 88 = f + f. What is the units digit of p?
2
Let s(l) = l**3 + 4*l**2 - 6 - 2*l - 3*l**2 + 3*l**2. Let q be s(-4). Suppose 5*t - x - 2*x = 68, 3*x - 23 = -q*t. What is the units digit of t?
3
Suppose 0 = -2*v - 3 + 1. Let p(m) = -8*m**2 - 4*m - 5. Let j(q) = 24*q**2 + 11*q + 14. Let b(x) = 6*j(x) + 17*p(x). What is the units digit of b(v)?
9
Let h(f) = -f**3 + 12*f**2 - 5*f - 8. What is the units digit of h(11)?
8
Let g(w) = -w - 1. Let j be g(-5). Suppose -a = a - j. Suppose 0 = -3*y + 3, a*q = q + 5*y + 3. What is the units digit of q?
8
What is the tens digit of (-23664)/(-456) - 2/(-19)?
5
Suppose 14 + 46 = l. Suppose -3*c = -2*p - 82, -4*p = -2*c - 0*p + l. What is the tens digit of c?
2
Suppose 4*x - 288 = -68. What is the units digit of x?
5
Let m(f) = -5 - 5*f**3 + 4*f**3 + 1. Let u be m(0). Let i = u - -9. What is the units digit of i?
5
Suppose -243 = -5*q - 2*u, 0*q + 63 = q + 4*u. What is the units digit of q?
7
Let c be (8 - 2)*3/(-2). Let b(x) = x**3 + 9*x**2 + 6. What is the units digit of b(c)?
6
Suppose -8*b = -705 - 783. What is the units digit of b?
6
Suppose a - 3 - 2 = 0. Suppose 39 = a*y - 1. What is the units digit of y?
8
Suppose 3*h + 1 + 5 = 0, 2*z + 3*h - 14 = 0. Suppose 3*k - 4*i - 14 = -2*k, -5 = -3*k - i. Let d = z - k. What is the units digit of d?
8
Let h(c) be the third derivative of c**5/15 - c**4/8 + c**3/3 + c**2. What is the tens digit of h(2)?
1
Suppose 0 = 5*q - 2*n - 84, 2*q - 3*n + 42 = 5*q. What is the units digit of q?
6
What is the units digit of 3/2*544/24?
4
Let s = 3 + 0. Suppose s*o - 10 = 2. Suppose 13 = -r + o*r - v, 3*r - 7 = -5*v. What is the units digit of r?
4
Let m(j) = -j**2 - 3*j + 3. Let h be m(-4). Let p be (-28)/(((-2)/h)/(-2)). Suppose -2*v = 2*v - p. What is the units digit of v?
7
Suppose 4*t - 204 = 4*d + d, 0 = -4*d + 16. What is the units digit of t?
6
Let s(d) = -1 + 4*d - 2*d - d. Let v(r) = r**2 - 8*r + 5. Let a be v(8). What is the units digit of s(a)?
4
Let h(a) = -3*a + 4. Let d be h(-4). Suppose -5*m = -4*n - 25, d = -2*m - 4*n + 54. What is the units digit of m?
9
Let v(s) = 5*s + 13. Let f be v(11). Suppose -f = -4*o + 2*u + 3*u, 2*u + 34 = 2*o. What is the units digit of o?
7
Let g(l) = l**3 + 4*l**2 + 3*l + 2. Let x be g(-3). Suppose 0 = t + x*t - 27. Let h = 13 - t. What is the units digit of h?
4
Suppose 5*y - 4 + 19 = 0. What is the units digit of 0*(2 + y) - -13?
3
Let y = -5 - -9. Suppose -5*u - 11 = d, -u - y*d + 31 = -6*u. Let r = 4 + u. What is the units digit of r?
1
Let j = 3 + -1. Let t be j*10/(-4) - -1. Let h = t + 15. What is the units digit of h?
1
Suppose 3*w = d + 18, -8 = w - 3*w + 2*d. Let h(s) = -3 + 4 + s + 0*s. What is the units digit of h(w)?
8
Suppose 2*j = -0*j + 4. What is the tens digit of j/4*-6 - -17?
1
Suppose -4*n = -a + 48, -a - 17 = 4*n + 31. What is the units digit of (-6)/n*(25 + 1)?
3
Suppose 5*z = 4*u + 10, -5*z + 2*u + 14 = -z. What is the units digit of z?
6
Let l(w) = w**2 + 5*w - 1. Let y be l(-6). Suppose -80 = -y*c - 0*c. Suppose k + 0*k + 5*u + 4 = 0, 0 = -2*k - 4*u + c. What is the tens digit of k?
1
Let j(w) = -56*w - 69. What is the units digit of j(-6)?
7
Let p(j) = 0*j - 1 - 7*j - 14*j**2 + 9*j. Let x be p(1). Let u = 19 + x. What is the units digit of u?
6
Let o be (-42)/(-8) - (-1)/(-4). Suppose -4*i + o*m + 1 = 0, 0 = 4*i + 2*m - 0*m - 22. What is the units digit of i/6*30/4?
5
Let a be 2 + 6/(-2) - -25. Suppose -2*f + 0*f = -a. What is the units digit of f?
2
Suppose -3*v - v - 8 = 2*b, 0 = 5*v + 5*b. Let c = 9 + -4. Let u = c + v. What is the units digit of u?
1
Let a(l) = -l**2 + 7*l - 4. Let x be a(6). What is the units digit of (2/(-4))/((-1)/x)?
1
Let h(a) = 4*a**3 - 3*a**2 + 3*a. What is the units digit of h(2)?
6
Let j = -4 + 7. Suppose -4*o - 135 = -5*d, j*d - 2*d - 4*o - 43 = 0. What is the units digit of d?
3
Let z = -5 + 1. What is the tens digit of ((-2)/z)/((-1)/(-42))?
2
Let i(h) = h**3 + 7*h**2 + 7*h + 9. Let z be i(-6). Let g(q) = 2*q**2 - 4*q + 7. What is the units digit of g(z)?
3
Let l = 0 + 0. Let s = l + -4. Let b(t) = -t**3 - 5*t**2 - 4*t + 4. What is the units digit of b(s)?
4
Suppose -104 + 564 = 5*t. What is the tens digit of t?
9
Let j = 2 - -4. Let r be (-2)/1*(-10)/(-4). Let b = j + r. What is the units digit of b?
1
Suppose j = 1 + 1. Suppose -3 = -v + 2. Suppose -o - 1 = j*g - 0, g - v*o = 27. What is the units digit of g?
2
Let v = 90 - -166. What is the tens digit of v?
5
Suppose 2*d = -h, 4*h + 26 = 5*d - 0*h. Suppose 2*l = -d*l + 16. Suppose -4*s + l = -0. What is the units digit of s?
1
Suppose 2*b - 9 = r, 0 = -3*b - 4*r - 3. Suppose 2*u + 7 = -b*v - 0*u, 5*u = 5*v - 30. What is the units digit of v?
1
Suppose -n = -c + 34, 2*c - 2*n - 2*n - 64 = 0. What is the tens digit of c?
3
Suppose -20 = 2*s - v, -5*s - 2*v + 7*v = 55. Let y(l) = l + 14. Let b be y(s). Suppose -u + 40 = 4*p - b*u, 4*u + 22 = p. What is the units digit of p?
6
Suppose 0 = -3*y + x - 66, 5*y - x + 45 + 65 = 0. Let d be (37 - 4) + 1 + -2. Let z = d + y. What is the tens digit of z?
1
Let s(v) = -v - 2. What is the units digit of s(-9)?
7
Let n = -24 + 34. Let z be (52/n)/(2/10). Suppose -2*y - 10 = -z. What is the units digit of y?
8
Let d(a) = a**2 - 3*a - 7. Let o be d(5). Suppose -f + 15 = y, -o*y - 2*f - 17 = -65. What is the tens digit of y?
1
Let w(h) = 8*h**2 - 9*h + 24. What is the tens digit of w(5)?
7
Let z(t) = -t**3 - 20*t**2 - 19*t - 12. What is the units digit of z(-20)?
8
What is the tens digit of ((-1632)/80)/(2/(-10))?
0
Let f = -32 + 55. Let b = -11 - -26. Let s = f - b. What is the units digit of s?
8
Suppose -3*j - j + 120 = 0. Suppose -3*n = 2*n - j. Let o = n - 3. What is the units digit of o?
3
Let z = -178 - -65. What is the units digit of z/(-5) + 3/(-5)?
2
Suppose 8*b - 81 = 5*b. What is the units digit of 6/b + 178/9?
0
Let u be (-20)/(-7) - 4/(-28). Suppose -5*s = -u*s - 16. What is the units digit of s?
8
Let n = -8 - -3. Let v = n - -22. Let s = v + -9. What is the units digit of s?
8
Suppose s + 2*s = 2*p - 12, -4*s = -4*p + 16. What is the units digit of (s/(-5))/((-5)/(-50))?
8
Suppose -4*f + 4*a - 2 = 6, -f + 3*a - 12 = 0. What is the units digit of f?
3
Suppose 573 = 4*l + j, -4*j - 313 + 49 = -2*l. What is the tens digit of l?
4
Let f be -1 + (-5)/3*-3. Suppose 0 = 5*t - f*s - 163, -t + 96 = 2*t - 3*s. What is the tens digit of t?
3
Suppose -4*s = 126 - 402. Suppose -2*j + s = 23. What is the tens digit of j?
2
Let w = 396 + -223. What is the tens digit of w?
7
Suppose -o - 54 = n - 2*n, -n + 62 = 3*o. What is the units digit of n?
6
Let m(w) = -w**3 - 3*w**2 + 9*w + 12. What is the units digit of m(-5)?
7
Suppose -5*l = -8*l + 312. What is the tens digit of l?
0
Let f = 0 - 16. Suppose -9 = -3*y, 0*y = x + 5*y - 6. Let q = x - f. What is the units digit of q?
7
Let u = -2 + 4. Let m = 1 + u. What is the units digit of m?
3
Suppose -6*x + x + 10 = 0. What is the units digit of x?
2
Let p(i) = -i**2 - 2*i + 5. Let w be p(-4). Let q be 0/(-6 - w)*-1. Let n(d) = -d**2 + 15. What is the units digit of n(q)?
5
Let p = -128 + 36. What is the units digit of 1/(88/p - -1)?
3
Let l be (-42)/(-8) + (-5)/20. Suppose -5*y + 2*t + 134 = 0, 120 = 5*y + l*t - 0*t. What is the units digit of y?
6
Let m = 98 + -43. What is the units digit of m?
5
Let z be (-2 + 4)*(-69)/6. Let q = z + 13. What is the units digit of 0 + (q - -2)/(-1)?
8
Suppose -4*x = -3 - 1. What is the tens digit of ((-3)/(-4))/(x/48)?
3
Let n = -12 + 13. What is t